{"id":9,"date":"2025-02-13T12:29:15","date_gmt":"2025-02-13T10:29:15","guid":{"rendered":"http:\/\/31.217.196.205\/~ooewawwr\/trailruntammela\/?page_id=9"},"modified":"2026-04-08T17:15:15","modified_gmt":"2026-04-08T14:15:15","slug":"kilpailuohjeet","status":"publish","type":"page","link":"https:\/\/nocando.fi\/trailruntammela\/kilpailuohjeet\/","title":{"rendered":"Ilmoittautuminen"},"content":{"rendered":"\n<p><strong>Aika ja paikka<\/strong><\/p>\n\n\n\n<p><strong>Suvi-ilta Trail Run Tammela juostaan 26.4.2026<\/strong><br>Kilpailukeskuksen osoite: Saaren kansanpuisto, Portaantie 476, Tammela<br>Koordinaatit N60 46,591, E23 50,670<br><a href=\"https:\/\/www.fonecta.fi\/kartat\/Portaantie%20470%2C%2031300%20Tammela?&amp;_suid=1397676891240038018878360143476\">Sijainti kartalla<\/a>.<\/p>\n\n\n\n<p>Kilpailun startti klo 12.00<\/p>\n\n\n\n<p><\/p>\n\n\n\n<p><\/p>\n\n\n\n<p><strong>Ilmoittautuminen<\/strong> <\/p>\n\n\n\n<p>Osallistumismaksu on 18,00 euroa.<\/p>\n\n\n\n<p>Ennakkoilmoittautuminen t\u00e4st\u00e4 <a href=\"https:\/\/nocando.fi\/trailruntammela\/ilmot\/index.html\">linkist\u00e4<\/a>. <strong>Ennakko ilmoittautuminen p\u00e4\u00e4ttyy 22.4.<\/strong>!<\/p>\n\n\n\n<p class=\"has-red-color has-text-color has-link-color wp-elements-3e3d6a63524f04031ab9c2a2196e8cd4\">J\u00e4lki-ilmoittautuminen paikan p\u00e4\u00e4ll\u00e4 25,00 euroa. <span style=\"text-decoration: underline;\"><strong>J\u00e4lki-ilmoittautuminen p\u00e4\u00e4ttyy kello 11.00 kisap\u00e4iv\u00e4n\u00e4!<\/strong><\/span><\/p>\n\n\n\n<p>Osallistujam\u00e4\u00e4r\u00e4 on rajattu j\u00e4rjestelyiden johdosta 200 juoksijaan. Ilmoittautuneita on jo toistasataa! (15.12. tilanne)<\/p>\n\n\n\n<p><\/p>\n\n\n\n<p><\/p>\n\n\n\n<p><strong>Sarjat<\/strong><\/p>\n\n\n\n<p>Naiset ja miehet<br><br>L\u00e4ht\u00f6 tapahtuu klo 12.00. Sarjojen kolme parasta palkitaan. Lis\u00e4ksi kaikkien osallistuneiden kesken arvotaan arvontapalkintoja.<br><\/p>\n\n\n\n<p><strong>Osallistumismaksut<\/strong><\/p>\n\n\n\n<p>Ilmoittautuneet saavat ilmoittautumislomakkeen kautta maksutiedot s\u00e4hk\u00f6postitse. J\u00e4lki-ilmoittautumisen voi maksaa k\u00e4teisell\u00e4 tai  pankkikortilla (l\u00e4himaksu). <\/p>\n\n\n\n<p>Osallistumismaksua ei palauteta. Osallistumisen voi siirt\u00e4\u00e4 maksutta toiselle nimelle. <\/p>\n\n\n\n<p><strong>Osallistumismaksuun sis\u00e4ltyy:<\/strong><\/p>\n\n\n<div class=\"wp-block-image\">\n<figure class=\"alignright size-full is-resized\"><img loading=\"lazy\" decoding=\"async\" width=\"777\" height=\"706\" src=\"https:\/\/nocando.fi\/trailruntammela\/wp-content\/uploads\/2024\/03\/Tuubihuivi.jpg\" alt=\"\" class=\"wp-image-588\" style=\"width:310px;height:auto\" srcset=\"https:\/\/nocando.fi\/trailruntammela\/wp-content\/uploads\/2024\/03\/Tuubihuivi.jpg 777w, https:\/\/nocando.fi\/trailruntammela\/wp-content\/uploads\/2024\/03\/Tuubihuivi-300x273.jpg 300w, https:\/\/nocando.fi\/trailruntammela\/wp-content\/uploads\/2024\/03\/Tuubihuivi-768x698.jpg 768w\" sizes=\"auto, (max-width: 777px) 100vw, 777px\" \/><\/figure>\n<\/div>\n\n\n<ul class=\"wp-block-list\">\n<li>Huolellisesti merkitty reitti<\/li>\n\n\n\n<li>Huoltopiste reitin varrella<\/li>\n\n\n\n<li>Palkinnot sarjojen kolmelle parhaalle<\/li>\n\n\n\n<li>Trail Run Tammela tuubihuivi<\/li>\n\n\n\n<li>Ajanotto reaaliaikaisesti netiss\u00e4<\/li>\n\n\n\n<li>P\u00e4\u00e4sy Kaukolan n\u00e4k\u00f6torniin<\/li>\n\n\n\n<li>10\u20ac alennus Forssan Suvi-iltaan 13.6.2026<\/li>\n\n\n\n<li>Arvontapalkintoja<\/li>\n\n\n\n<li>Juomaa kisakeskuksessa<\/li>\n\n\n\n<li>Ensiapu, varustes\u00e4ilytys ja muut tavanomaiset palvelut<\/li>\n<\/ul>\n\n\n\n<p><strong>Kilpailunumero<\/strong><\/p>\n\n\n\n<p>Kilpailunumero tulee kiinnitt\u00e4\u00e4 paitaan etupuolelle. Jalkineiksi suositellaan maastojuoksuun tarkoitettuja kenki\u00e4<\/p>\n\n\n\n<p><strong>Kisatoimisto<\/strong><\/p>\n\n\n\n<p>Kisatoimisto aukeaa klo 10.00. Osallistujat voivat siit\u00e4 alkaen noutaa kilpailunumeronsa tai j\u00e4lki-ilmoittautua, mik\u00e4li ilmoittautuminen on tekem\u00e4tt\u00e4. J\u00e4lki-ilmoittautuminen p\u00e4\u00e4ttyy klo 11.00.<\/p>\n\n\n\n<p><strong>Vakuutus<\/strong><\/p>\n\n\n\n<p>J\u00e4rjest\u00e4j\u00e4 ei ole vakuuttanut kilpailijoita. Osallistuminen omalla vastuulla.<\/p>\n\n\n\n<p><strong>Yhteydenotot<\/strong><\/p>\n\n\n\n<p>jari.junttila@outlook.com<\/p>\n\n\n\n<p><strong>J\u00e4rjest\u00e4j\u00e4<\/strong><\/p>\n\n\n\n<p>Nocando Marathon Club<\/p>\n\n\n\n<p><\/p>\n\n\n\n<p><a href=\"https:\/\/nocando.fi\/trailruntammela\/tietosuojaseloste\/\" data-type=\"post\" data-id=\"641\">Tietosuoja<\/a><\/p>\n","protected":false},"excerpt":{"rendered":"<p>Aika ja paikka Suvi-ilta Trail Run Tammela juostaan 26.4.2026Kilpailukeskuksen osoite: Saaren kansanpuisto, Portaantie 476, TammelaKoordinaatit N60 46,591, E23 50,670Sijainti kartalla. Kilpailun startti klo 12.00 Ilmoittautuminen [&hellip;]<\/p>\n","protected":false},"author":1,"featured_media":12,"parent":0,"menu_order":0,"comment_status":"closed","ping_status":"closed","template":"","meta":{"footnotes":""},"class_list":["post-9","page","type-page","status-publish","has-post-thumbnail","hentry"],"_links":{"self":[{"href":"https:\/\/nocando.fi\/trailruntammela\/wp-json\/wp\/v2\/pages\/9","targetHints":{"allow":["GET"]}}],"collection":[{"href":"https:\/\/nocando.fi\/trailruntammela\/wp-json\/wp\/v2\/pages"}],"about":[{"href":"https:\/\/nocando.fi\/trailruntammela\/wp-json\/wp\/v2\/types\/page"}],"author":[{"embeddable":true,"href":"https:\/\/nocando.fi\/trailruntammela\/wp-json\/wp\/v2\/users\/1"}],"replies":[{"embeddable":true,"href":"https:\/\/nocando.fi\/trailruntammela\/wp-json\/wp\/v2\/comments?post=9"}],"version-history":[{"count":83,"href":"https:\/\/nocando.fi\/trailruntammela\/wp-json\/wp\/v2\/pages\/9\/revisions"}],"predecessor-version":[{"id":697,"href":"https:\/\/nocando.fi\/trailruntammela\/wp-json\/wp\/v2\/pages\/9\/revisions\/697"}],"wp:featuredmedia":[{"embeddable":true,"href":"https:\/\/nocando.fi\/trailruntammela\/wp-json\/wp\/v2\/media\/12"}],"wp:attachment":[{"href":"https:\/\/nocando.fi\/trailruntammela\/wp-json\/wp\/v2\/media?parent=9"}],"curies":[{"name":"wp","href":"https:\/\/api.w.org\/{rel}","templated":true}]}}